*z + 249 - 7452 = -3*w, 9619 = 4*w + z. What is the remainder when w is divided by 300?
4
Let g be (-7 - -1) + (-5 - -1781). Suppose 42*y - 12*y = g. What is the remainder when 231 is divided by y?
54
Suppose -44*m = -41*m - 36. Suppose 0 = -m*g + 7*g + 385. Calculate the remainder when g is divided by 20.
17
Let z(w) = 9*w + 167. Let l be z(-15). Suppose -29*i + l*i + 47 = 2*k, 4*k - 5*i - 89 = 0. Calculate the remainder when 109 is divided by k.
13
Let p = 415 + -746. Let v = -306 - p. What is the remainder when 48 is divided by v?
23
Suppose 7*q = q + 1320. Suppose -t = 2*t - s - q, 0 = 4*t + 4*s - 272. What is the remainder when t is divided by 15?
12
Let h = -44 - -63. Suppose 27 = -5*b - 168. Let y = b + 93. What is the remainder when y is divided by h?
16
Let v be 18/27 + ((-92)/(-6) - 2). Suppose 5*m - 3*m - v = 0. Calculate the remainder when m is divided by 1.
0
Suppose 5*u = -3*p - 39, -5*p = -4*u + 44 - 16. Suppose -64 = -2*s - 0*s. Calculate the remainder when s is divided by 380/p*12/(-30).
13
Suppose 242 = 5*c - 33. Let w(b) = 25*b + 66. Let k be w(8). Suppose -13*f = f - k. What is the remainder when c is divided by f?
17
Let a(y) = -2*y**3 - y**2. Let n(f) = -f**3 + 6*f**2 - f - 1. Let s be 3/(2/((-2)/(-1))). What is the remainder when n(s) is divided by a(-2)?
11
Let v(r) = -10*r**2 + 2*r + 14*r**2 + 4*r + 9 - 9*r + 13*r. Calculate the remainder when 743 is divided by v(-6).
92
Let t(f) = 118*f**3 - 2*f**2 + 1. Suppose -428*b + 430*b - 76 = -6*r, 3*b = -21. What is the remainder when t(1) is divided by r?
12
Let k = -9317 - -9501. What is the remainder when 781 is divided by k?
45
What is the remainder when (-3*(-1)/(-2))/(634/1268) - -1439 is divided by 90?
86
Suppose -5*z - 5*x + 1000 = 0, -3*z - 5*x = -9*x - 607. Suppose -210*j = -z*j - 648. What is the remainder when j is divided by 30?
12
Let c = -18255 + 18938. What is the remainder when c is divided by 232?
219
Let i(b) = -2*b**2 + 41*b - 40. What is the remainder when -4 + -1 - (-21 + -281) is divided by i(18)?
47
Suppose 2*a - 8*a + 4236 = 0. Suppose 589*n - 60 = 584*n. Calculate the remainder when a is divided by n.
10
Let r(w) = -2*w**2 - 114*w - 279. Calculate the remainder when r(-51) is divided by 3.
0
Suppose -29*s + 303 + 161 = 0. Suppose 0 = 4*y + 3*w - 563 - s, 0 = 2*y + 4*w - 282. What is the remainder when y is divided by 6?
3
Suppose -1697 + 5441 = 12*z. What is the remainder when z is divided by 19?
8
Suppose 0 = -2*r + 86. Let g be (-2)/(-2) + (-12 + 4)*-2. Let q(a) = a**3 - 16*a**2 - 8*a + 15. Calculate the remainder when q(g) is divided by r.
39
Let y(g) = -145*g**2 - 2*g - 2. Let v be y(-1). Let o = v - -155. Calculate the remainder when (-264)/(-9) - (-1)/(-3) is divided by o.
9
Suppose 850*h + 304 = 858*h. Calculate the remainder when 385 is divided by h.
5
Calculate the remainder when 15/(25 - 614300/24575) is divided by 205.
200
Let g(z) = -z**3 - 56*z**2 + 84*z + 1545. Calculate the remainder when 412 is divided by g(-57).
4
Let w(n) = -n**2 - 7*n + 11. Let u be w(-8). Let v be (-15)/((-7 + 3832/544)*-2). Suppose -v = -u*k + 25. What is the remainder when k is divided by 17?
14
Suppose 36 = -3*j - 0*j - 9*t, 2*j + 14 = -4*t. What is the remainder when 4600 is divided by j?
1
Suppose 3*p + 65 - 551 = -3*w, -4*w + 2*p = -636. Calculate the remainder when 796 is divided by w.
156
Let m(l) = 8*l + 18. Let j be m(15). Let t = j - 134. Calculate the remainder when 5 is divided by t.
1
Calculate the remainder when 657 is divided by (-47)/(-3) + 12/(-18).
12
Let q = 28 + -76. Let o be (q/(-5))/(3*(-4)/(-280)). Suppose 9*m - 2*m - o = 0. Calculate the remainder when m is divided by 18.
14
Suppose -11 = -3*l - 5*k, -l - 4*k = -3*l. Suppose 18*g = l*g + 240. What is the remainder when g is divided by 6?
3
Suppose 2*v = -3*s + 13, 6*v = 4*s + 2*v + 16. Let x(h) = 12*h**3 - 2*h**2 + 1. Let u = 1776 + -1733. Calculate the remainder when u is divided by x(s).
10
Suppose 0 = -5*n - 2*c + 16, -c = 3*n - 0*c - 9. Suppose -x + 0*p = 2*p - 1, -2*x + n*p + 20 = 0. What is the remainder when x/(14/116) + 4 is divided by 33?
29
Suppose -20*a + 530 = -370. Suppose a*q - 570 = 35*q. Calculate the remainder when 227 is divided by q.
56
Let l = -4991 - -7714. What is the remainder when 2731 is divided by l?
8
Suppose 2*x = -j - 4 - 2, -4*x - 36 = -4*j. Let m(t) = -t + 10. Let z(y) = y**2 - y - 31. Calculate the remainder when z(9) is divided by m(x).
11
What is the remainder when 7451 is divided by 1*-27*(-3 + -3 + (3 - 0))?
80
Suppose -7 = -2*p - 3, -p + 112 = z. What is the remainder when 170 is divided by z/4 - 72/(-48)?
25
Suppose 5*b = -83 + 143. Suppose 4*f = -4*d - 360, 3*f = 2*f + 2*d - 90. Calculate the remainder when -1 + 0 + f/(-2) is divided by b.
8
Calculate the remainder when 99/(-12)*22780/(-51) is divided by 176.
165
Let p = 24000 + -23698. Calculate the remainder when 326 is divided by p.
24
Suppose -682*v + 350*v - 101600 = -352*v. What is the remainder when v is divided by 1689?
13
Let v = -58 + 214. Suppose h - 3*t + 4*t - 41 = 0, 0 = h - t - 39. Calculate the remainder when v is divided by h.
36
Let v = -1162 + 1183. What is the remainder when v is divided by 1?
0
Let r = 256 + -64. Let l = -189 + r. Calculate the remainder when 39 is divided by l.
0
Let z(s) = -s**3 - 3*s**2 - 15*s - 39. Suppose 43 = -8*u - 5. Calculate the remainder when z(u) is divided by 54.
51
Let a = 6398 + -6385. Suppose z - 21 = -0*z + 4*y, 5*z + y - 63 = 0. Suppose z + 3 = 2*n. Calculate the remainder when a is divided by n.
5
Suppose -218*t - 752 = -234*t. Suppose 2*r - 3*u - 198 = 0, 7*u - 73 = -r + 2*u. What is the remainder when r is divided by t?
46
Suppose -4*x + 3*c = -76, 4*x - 82 = c + 2. Suppose -2*p + 362 = 4*z, p - 155 = 2*z + x. Calculate the remainder when p is divided by 26.
23
Suppose 36 = 2*d - 84. Suppose 0 = -61*c + d*c + 68. Let t = 92 - c. What is the remainder when 142 is divided by t?
22
Let n be 3 - (-3 + -24)*-1. What is the remainder when ((-12)/n)/(2/112) is divided by 10?
8
Let d = -33 - -35. Suppose -2*h + 45 = x, -2*x + d*h = 3*x - 273. What is the remainder when x is divided by 3 + (-75)/(-20) + (-4)/(-16)?
4
Suppose 0 = l + 5*s - 2*s - 539, -2*s = -5*l + 2763. Let x = 573 - l. Calculate the remainder when x is divided by (1/2)/((-1)/(-8)).
2
Let f(g) = -g + 5. Let i be f(8). Let z = i - -11. What is the remainder when (-284)/(-20) - 0 - ((-416)/40)/13 is divided by z?
7
Let b(c) = -c**2 + 3*c + 10. Let v be b(6). Let l(s) = s**2 + 7*s - 7. Let t be l(v). Calculate the remainder when 127 is divided by (1*t*-16)/((-3)/6).
31
Suppose -19*j = -9*j + 40. What is the remainder when 59 is divided by 6 - (-10 - j)*1?
11
Let q be 92 + 1*(0 - -1). Let y = q + -50. What is the remainder when y is divided by 15?
13
Let o be (-2)/(-2) - (-3 + -332). Let z = o - 308. Calculate the remainder when 81 is divided by z.
25
Suppose -3*o + 5*l = -96, 2*o + l = -0*l + 51. Suppose -2*q + o = 17. What is the remainder when 23 is divided by (6/(-45)*-36)/(2/q)?
11
Let z = 10 + -151. Let a = z + 248. What is the remainder when a is divided by 37?
33
Let m(r) = 14*r + 246. Calculate the remainder when m(-10) is divided by 59.
47
Let b(o) = o**3 - 9*o**2 + 8*o + 17. Let i = -262 - -271. Calculate the remainder when b(i) is divided by 33.
23
Let l(n) = -20*n + 19. Let b be l(-12). Let k = b + -216. What is the remainder when 127 is divided by k?
41
Suppose 4*i = -4*u + 4, 5*i + 2*u = 2*i + 2. Suppose i = -29*q + 21*q + 168. What is the remainder when 227 is divided by q?
17
Let c = -64974 - -65036. Let s = -471 + 718. What is the remainder when s is divided by c?
61
Let d(c) = c**3 - 11*c**2 + 11*c - 9. Let w be d(10). Suppose -w - 1 = -l. Suppose 3*p + l*p = 135. What is the remainder when 107 is divided by p?
26
Let b(y) = -3*y**2 - 6*y + 4. Let n be b(4). Let c = 71 + n. Calculate the remainder when 66 is divided by (-1 - 33)*c/(-6).
15
Let g = -184 - -347. Suppose -85 = -31*y + g. Let q = 8 - 5. What is the remainder when y is divided by q?
2
Let h = 17432 + -14980. What is the remainder when h is divided by 91?
86
Let j = 1702 - 1667. What is the remainder when 3042 is divided by j?
32
Let c(s) = -9*s**2 - 11*s + 6. Let x(k) = 5*k**2 + 6*k - 2. Let q(u) = -3*c(u)